{"text_format":"3","workbook":"xlsx","n_sheets":4,"sheets":["Europe Map","Data","Control","List"],"not_rendered":{"macros":1,"defined_names":39},"read":"whole","date_system":"1900"}

{"sheet":"Europe Map","index":0,"n_rows":66,"n_cols":3,"rows_kept":66}
{"$rows_empty":25}
[null,"Choropleth Map of Europe"]
{"$rows_empty":39}
[null,"source:","CIA World Fact Book (https://www.cia.gov/library/publications/the-world-factbook/index.html)"]

{"sheet":"Data","index":1,"n_rows":41,"n_cols":11,"rows_kept":41}
[]
[null,"Data",null,null,"all data 2009 (estimated)"]
[]
[null,"No.","Country","Abbreviation","Population","Population growth rate \nin %","Life expectancy at birth in \nyears","Total fertility rate \n(children born per woman)","Infant mortality rate \n(deaths/1,000 live births)",null,"Selection"]
[null,1,"Albania","ALB",{"v":3639453,"d":"3,639,453"},{"v":5.5000000000000005E-3,"d":"0.55%"},77.96,2.01,18.62,null,{"$f":"INDEX(E5:I5,1,Control!$D$10)","v":18.62}]
[null,{"$f":"B5+1","v":2},"Austria","AUT",{"v":8210281,"d":"8,210,281"},{"v":0.0005,"d":"0.05%"},{"v":79.5,"d":"79.50"},1.39,4.42,null,{"$f":"INDEX(E6:I6,1,Control!$D$10)","v":4.42}]
[null,{"$f":"B6+1","v":3},"Belarus","BLR",{"v":9648533,"d":"9,648,533"},{"v":-3.8E-3,"d":"-0.38%"},70.63,1.24,6.43,null,{"$f":"INDEX(E7:I7,1,Control!$D$10)","v":6.43}]
[null,4,"Belgium","BEL",{"v":10414336,"d":"10,414,336"},{"v":0.0009,"d":"0.09%"},79.22,1.65,4.44,null,{"$f":"INDEX(E8:I8,1,Control!$D$10)","v":4.44}]
[null,5,"Bosnia and Herzegovina","BIH",{"v":4613414,"d":"4,613,414"},{"v":3.4000000000000002E-3,"d":"0.34%"},{"v":78.5,"d":"78.50"},1.25,{"v":9.1,"d":"9.10"},null,{"$f":"INDEX(E9:I9,1,Control!$D$10)","v":9.1}]
[null,6,"Bulgaria","BGR",{"v":7204687,"d":"7,204,687"},{"v":-0.0079,"d":"-0.79%"},73.09,1.41,17.87,null,{"$f":"INDEX(E10:I10,1,Control!$D$10)","v":17.87}]
[null,7,"Croatia","HRV",{"v":4489409,"d":"4,489,409"},{"v":-0.0005,"d":"-0.05%"},75.35,1.42,6.37,null,{"$f":"INDEX(E11:I11,1,Control!$D$10)","v":6.37}]
[null,8,"Czech Republic","CZE",{"v":10211904,"d":"10,211,904"},{"v":-0.0009,"d":"-0.09%"},76.81,1.24,3.79,null,{"$f":"INDEX(E12:I12,1,Control!$D$10)","v":3.79}]
[null,9,"Denmark","DNK",{"v":5500510,"d":"5,500,510"},{"v":2.8000000000000004E-3,"d":"0.28%"},{"v":78.3,"d":"78.30"},1.74,4.34,null,{"$f":"INDEX(E13:I13,1,Control!$D$10)","v":4.34}]
[null,10,"Estonia","EST",{"v":1299371,"d":"1,299,371"},{"v":-6.3E-3,"d":"-0.63%"},72.82,1.42,7.32,null,{"$f":"INDEX(E14:I14,1,Control!$D$10)","v":7.32}]
[null,11,"Finland","FIN",{"v":5250275,"d":"5,250,275"},{"v":1E-3,"d":"0.10%"},78.97,1.73,3.47,null,{"$f":"INDEX(E15:I15,1,Control!$D$10)","v":3.47}]
[null,12,"France","FRA",{"v":64057792,"d":"64,057,792"},{"v":5.5000000000000005E-3,"d":"0.55%"},80.98,1.98,3.33,null,{"$f":"INDEX(E16:I16,1,Control!$D$10)","v":3.33}]
[null,13,"Germany","DEU",{"v":82329758,"d":"82,329,758"},{"v":-0.0005,"d":"-0.05%"},79.26,1.41,3.99,null,{"$f":"INDEX(E17:I17,1,Control!$D$10)","v":3.99}]
[null,14,"Greece","GRC",{"v":10737428,"d":"10,737,428"},{"v":0.0013,"d":"0.13%"},79.66,1.37,5.16,null,{"$f":"INDEX(E18:I18,1,Control!$D$10)","v":5.16}]
[null,15,"Hungary","HUN",{"v":9905596,"d":"9,905,596"},{"v":-0.0026,"d":"-0.26%"},73.44,1.35,7.86,null,{"$f":"INDEX(E19:I19,1,Control!$D$10)","v":7.86}]
[null,16,"Ireland","IRL",{"v":4203200,"d":"4,203,200"},{"v":0.011200000000000002,"d":"1.12%"},78.24,1.85,5.05,null,{"$f":"INDEX(E20:I20,1,Control!$D$10)","v":5.05}]
[null,17,"Italy","ITA",{"v":58126212,"d":"58,126,212"},{"v":-0.0005,"d":"-0.05%"},{"v":80.2,"d":"80.20"},1.31,5.51,null,{"$f":"INDEX(E21:I21,1,Control!$D$10)","v":5.51}]
[null,18,"Latvia","LVA",{"v":2231503,"d":"2,231,503"},{"v":-6.0999999999999995E-3,"d":"-0.61%"},72.15,{"v":1.3,"d":"1.30"},8.77,null,{"$f":"INDEX(E22:I22,1,Control!$D$10)","v":8.77}]
[null,19,"Lithuania","LTU",{"v":3555179,"d":"3,555,179"},{"v":-2.8000000000000004E-3,"d":"-0.28%"},{"v":74.9,"d":"74.90"},1.23,6.47,null,{"$f":"INDEX(E23:I23,1,Control!$D$10)","v":6.47}]
[null,20,"Luxembourg","LUX",{"v":491775,"d":"491,775"},{"v":0.011699999999999999,"d":"1.17%"},79.33,1.78,4.56,null,{"$f":"INDEX(E24:I24,1,Control!$D$10)","v":4.56}]
[null,21,"Macedonia","MKD",{"v":2066718,"d":"2,066,718"},{"v":0.0026,"d":"0.26%"},74.68,1.58,9.01,null,{"$f":"INDEX(E25:I25,1,Control!$D$10)","v":9.01}]
[null,22,"Malta","MLT",{"v":405165,"d":"405,165"},{"v":0.004,"d":"0.40%"},79.44,1.51,3.75,null,{"$f":"INDEX(E26:I26,1,Control!$D$10)","v":3.75}]
[null,23,"Moldova","MDA",{"v":4320748,"d":"4,320,748"},{"v":-0.0008,"d":"-0.08%"},{"v":70.8,"d":"70.80"},1.27,13.13,null,{"$f":"INDEX(E27:I27,1,Control!$D$10)","v":13.13}]
[null,24,"Netherlands","NLD",{"v":16715999,"d":"16,715,999"},{"v":4.0999999999999995E-3,"d":"0.41%"},{"v":79.4,"d":"79.40"},1.66,4.73,null,{"$f":"INDEX(E28:I28,1,Control!$D$10)","v":4.73}]
[null,25,"Norway","NOR",{"v":4660539,"d":"4,660,539"},{"v":3.4000000000000002E-3,"d":"0.34%"},79.95,1.78,3.58,null,{"$f":"INDEX(E29:I29,1,Control!$D$10)","v":3.58}]
[null,26,"Poland","POL",{"v":38482919,"d":"38,482,919"},{"v":-0.0005,"d":"-0.05%"},75.63,1.28,{"v":6.8,"d":"6.80"},null,{"$f":"INDEX(E30:I30,1,Control!$D$10)","v":6.8}]
[null,27,"Portugal","PRT",{"v":10707924,"d":"10,707,924"},{"v":2.8000000000000004E-3,"d":"0.28%"},78.21,1.49,4.78,null,{"$f":"INDEX(E31:I31,1,Control!$D$10)","v":4.78}]
[null,28,"Romania","ROM",{"v":22215421,"d":"22,215,421"},{"v":-1.5E-3,"d":"-0.15%"},72.45,1.39,{"v":22.9,"d":"22.90"},null,{"$f":"INDEX(E32:I32,1,Control!$D$10)","v":22.9}]
[null,29,"Russia","RUS",{"v":140041247,"d":"140,041,247"},{"v":-0.004699999999999999,"d":"-0.47%"},66.03,1.41,10.56,null,{"$f":"INDEX(E33:I33,1,Control!$D$10)","v":10.56}]
[null,30,"Serbia","SR",{"v":7379339,"d":"7,379,339"},{"v":-0.004699999999999999,"d":"-0.47%"},{"v":73.9,"d":"73.90"},1.38,6.75,null,{"$f":"INDEX(E34:I34,1,Control!$D$10)","v":6.75}]
[null,31,"Slovakia","SVK",{"v":5463046,"d":"5,463,046"},{"v":1.4000000000000002E-3,"d":"0.14%"},{"v":75.4,"d":"75.40"},1.35,6.84,null,{"$f":"INDEX(E35:I35,1,Control!$D$10)","v":6.84}]
[null,32,"Slovenia","SVN",{"v":2005692,"d":"2,005,692"},{"v":-0.0011,"d":"-0.11%"},76.92,1.28,4.25,null,{"$f":"INDEX(E36:I36,1,Control!$D$10)","v":4.25}]
[null,33,"Spain","ESP",{"v":40525002,"d":"40,525,002"},{"v":7.000000000000001E-4,"d":"0.07%"},80.05,1.31,4.21,null,{"$f":"INDEX(E37:I37,1,Control!$D$10)","v":4.21}]
[null,34,"Sweden","SWE",{"v":9059651,"d":"9,059,651"},{"v":0.0016,"d":"0.16%"},80.86,1.67,2.75,null,{"$f":"INDEX(E38:I38,1,Control!$D$10)","v":2.75}]
[null,35,"Switzerland","CHE",{"v":7604467,"d":"7,604,467"},{"v":2.8000000000000004E-3,"d":"0.28%"},80.85,1.45,4.18,null,{"$f":"INDEX(E39:I39,1,Control!$D$10)","v":4.18}]
[null,36,"Ukraine","UKR",{"v":45700395,"d":"45,700,395"},{"v":-6.3E-3,"d":"-0.63%"},68.25,1.26,8.98,null,{"$f":"INDEX(E40:I40,1,Control!$D$10)","v":8.98}]
[null,37,"United Kingdom","GBR",{"v":61113205,"d":"61,113,205"},{"v":2.8000000000000004E-3,"d":"0.28%"},79.01,1.66,4.85,null,{"$f":"INDEX(E41:I41,1,Control!$D$10)","v":4.85}]

{"sheet":"Control","index":2,"n_rows":102,"n_cols":6,"rows_kept":102}
[]
[null,null,"Control"]
[]
[null,null,"List of metrics","Population"]
[{"$nulls":3},"Population growth rate in %"]
[{"$nulls":3},"Life expectancy at birth in years"]
[{"$nulls":3},"Total fertility rate (children born per woman)"]
[{"$nulls":3},"Infant mortality rate (deaths/1,000 live births)"]
[]
[null,null,"Selection",5]
[]
[null,null,"Darkness",{"v":5,"d":"5.00"},"the smaller the darker (max: 5,21)"]
[]
[null,null,"Steps","Threshold","RGB","Min / Max"]
[null,null,{"$f":"C16+$D$12","v":245},{"$f":"F16","v":2.75},{"$f":"udf_RGB(C15,C15,C15)","v":{"$error":"#NAME?"}},{"$f":"MAX(Data!$K$5:$K$41)","v":22.9}]
[null,null,240,{"$f":"D15+$F$17","v":3.169791666666667},{"$f":"udf_RGB(C16,C16,C16)","v":{"$error":"#NAME?"}},{"$f":"MIN(Data!$K$5:$K$41)","v":2.75}]
[null,null,235,3.5895833333333336,{"$error":"#NAME?"},{"$f":"(F15-F16)/(COUNT($C$15:$C$64)-2)","v":0.4197916666666666}]
[null,null,230,4.009375,{"$error":"#NAME?"}]
[null,null,225,4.429166666666667,{"$error":"#NAME?"}]
[null,null,220,4.848958333333334,{"$error":"#NAME?"}]
[null,null,215,5.268750000000001,{"$error":"#NAME?"}]
[null,null,210,5.6885416666666675,{"$error":"#NAME?"}]
[null,null,205,6.108333333333334,{"$error":"#NAME?"}]
[null,null,200,6.528125000000001,{"$error":"#NAME?"}]
[null,null,195,6.947916666666668,{"$error":"#NAME?"}]
[null,null,190,7.367708333333335,{"$error":"#NAME?"}]
[null,null,185,7.787500000000001,{"$error":"#NAME?"}]
[null,null,180,8.207291666666668,{"$error":"#NAME?"}]
[null,null,175,8.627083333333335,{"$error":"#NAME?"}]
[null,null,170,9.046875000000002,{"$error":"#NAME?"}]
[null,null,165,9.466666666666669,{"$error":"#NAME?"}]
[null,null,160,9.886458333333335,{"$error":"#NAME?"}]
[null,null,155,10.306250000000002,{"$error":"#NAME?"}]
[null,null,150,10.726041666666669,{"$error":"#NAME?"}]
[null,null,145,11.145833333333336,{"$error":"#NAME?"}]
[null,null,140,11.565625000000002,{"$error":"#NAME?"}]
[null,null,135,11.98541666666667,{"$error":"#NAME?"}]
[null,null,130,12.405208333333336,{"$error":"#NAME?"}]
[null,null,125,12.825000000000003,{"$error":"#NAME?"}]
[null,null,120,13.24479166666667,{"$error":"#NAME?"}]
[null,null,115,13.664583333333336,{"$error":"#NAME?"}]
[null,null,110,14.084375000000003,{"$error":"#NAME?"}]
[null,null,105,14.50416666666667,{"$error":"#NAME?"}]
[null,null,100,14.923958333333337,{"$error":"#NAME?"}]
[null,null,95,15.343750000000004,{"$error":"#NAME?"}]
[null,null,90,15.76354166666667,{"$error":"#NAME?"}]
[null,null,85,16.183333333333337,{"$error":"#NAME?"}]
[null,null,80,{"$f":"D47+$F$17","v":16.603125000000002},{"$error":"#NAME?"}]
[null,null,75,17.022916666666667,{"$error":"#NAME?"}]
[null,null,70,17.442708333333332,{"$error":"#NAME?"}]
[null,null,65,17.862499999999997,{"$error":"#NAME?"}]
[null,null,60,18.282291666666662,{"$error":"#NAME?"}]
[null,null,55,18.702083333333327,{"$error":"#NAME?"}]
[null,null,50,19.121874999999992,{"$error":"#NAME?"}]
[null,null,45,19.541666666666657,{"$error":"#NAME?"}]
[null,null,40,19.961458333333322,{"$error":"#NAME?"}]
[null,null,35,20.381249999999987,{"$error":"#NAME?"}]
[null,null,30,20.801041666666652,{"$error":"#NAME?"}]
[null,null,25,21.220833333333317,{"$error":"#NAME?"}]
[null,null,20,21.640624999999982,{"$error":"#NAME?"}]
[null,null,15,22.060416666666647,{"$error":"#NAME?"}]
[null,null,10,22.480208333333312,{"$error":"#NAME?"}]
[null,null,{"$f":"C64+$D$12","v":5},22.899999999999977,{"$error":"#NAME?"}]
[null,null,0,23.319791666666642,{"$error":"#NAME?"}]
[]
[null,null,"Name","Autoshape"]
[null,null,"D_ALB","S_ALB"]
[null,null,"D_AUT","S_AUT"]
[null,null,"D_BEL","S_BEL"]
[null,null,"D_BGR","S_BGR"]
[null,null,"D_BIH","S_BIH"]
[null,null,"D_BLR","S_BLR"]
[null,null,"D_CHE","S_CHE"]
[null,null,"D_CZE","S_CZE"]
[null,null,"D_DEU","S_DEU"]
[null,null,"D_DNK","S_DNK"]
[null,null,"D_ESP","S_ESP"]
[null,null,"D_EST","S_EST"]
[null,null,"D_FIN","S_FIN"]
[null,null,"D_FRA","S_FRA"]
[null,null,"D_GBR","S_GBR"]
[null,null,"D_GRC","S_GRC"]
[null,null,"D_HRV","S_HRV"]
[null,null,"D_HUN","S_HUN"]
[null,null,"D_IRL","S_IRL"]
[null,null,"D_ITA","S_ITA"]
[null,null,"D_LTU","S_LTU"]
[null,null,"D_LUX","S_LUX"]
[null,null,"D_LVA","S_LVA"]
[null,null,"D_MDA","S_MDA"]
[null,null,"D_MKD","S_MKD"]
[null,null,"D_NLD","S_NLD"]
[null,null,"D_NOR","S_NOR"]
[null,null,"D_POL","S_POL"]
[null,null,"D_PRT","S_PRT"]
[null,null,"D_ROM","S_ROM"]
[null,null,"D_RUS","S_RUS"]
[null,null,"D_SR","S_SR"]
[null,null,"D_SVK","S_SVK"]
[null,null,"D_SVN","S_SVN"]
[null,null,"D_SWE","S_SWE"]
[null,null,"D_UKR","S_UKR"]

{"sheet":"List","index":3,"n_rows":63,"n_cols":3,"rows_kept":63}
["Group Names","Group Items","Shapes"]
["S_ALB",null,"S_ALB"]
["S_BGR",null,"S_BGR"]
["S_EST",null,"S_EST"]
["S_FIN2",2,"S_FIN2"]
["S_FIN1",null,"S_FIN1"]
["S_GRC",null,"S_GRC"]
["S_SR",null,"S_SR"]
["S_LVA",null,"S_LVA"]
["S_LTU",null,"S_LTU"]
["S_MKD",2,"S_MKD"]
["S_MAL2",5,"S_MAL2"]
["S_MAL1",null,"S_MAL1"]
["S_NOR5",null,"S_NOR5"]
["S_NOR4",null,"S_NOR4"]
["S_NOR3",4,"S_NOR3"]
["S_NOR2",null,"S_NOR2"]
["S_NOR1",null,"S_NOR1"]
["S_AUT",null,"S_AUT"]
["S_POL",null,"S_POL"]
["S_ROM",3,"S_ROM"]
["S_SWE4",5,"S_SWE4"]
["S_SWE3",null,"S_SWE3"]
["S_SWE2",2,"S_SWE2"]
["S_SWE1",null,"S_SWE1"]
["S_SVK",null,"S_SVK"]
["S_BIH",null,"S_BIH"]
["S_HRV",3,"S_HRV"]
["S_SVN",null,"S_SVN"]
["S_DNK4",2,"S_DNK4"]
["S_DNK3",null,"S_DNK3"]
["S_DNK1",4,"S_DNK1"]
["S_GBR5",null,"S_GBR5"]
["S_GBR4",null,"S_GBR4"]
["S_GBR3",null,"S_GBR3"]
["S_GBR2",2,"S_GBR2"]
["S_GBR1",null,"S_GBR1"]
["S_IRL",null,"S_IRL"]
["S_DEU2",null,"S_DEU2"]
["S_DEU1",null,"S_DEU1"]
["S_LUX",null,"S_LUX"]
["S_NLD",null,"S_NLD"]
["S_BEL",null,"S_BEL"]
["S_ITA3",null,"S_ITA3"]
["S_ITA2",null,"S_ITA2"]
["S_ITA1",null,"S_ITA1"]
["S_CHE",null,"S_CHE"]
["S_FRA2",null,"S_FRA2"]
["S_FRA1",null,"S_FRA1"]
["S_PRT",null,"S_PRT"]
["S_ESP4",null,"S_ESP4"]
["S_ESP3",null,"S_ESP3"]
["S_ESP2",null,"S_ESP2"]
["S_ESP1",null,"S_ESP1"]
["S_CZE",null,"S_CZE"]
["S_HUN",null,"S_HUN"]
["S_MDA",null,"S_MDA"]
["S_RUS2",null,"S_RUS2"]
["S_RUS1",null,"S_RUS1"]
["S_UKR",null,"S_UKR"]
["S_BLR",null,"S_BLR"]
["Group 2",30,"Group 2"]
["Drop Down1",null,"Drop Down1"]